{"id":98,"date":"2023-11-05T15:36:34","date_gmt":"2023-11-05T14:36:34","guid":{"rendered":"https:\/\/mathematiquesdiscretes.fr\/?page_id=98"},"modified":"2025-09-01T19:04:25","modified_gmt":"2025-09-01T17:04:25","slug":"inscriptions","status":"publish","type":"page","link":"https:\/\/mathematiquesdiscretes.fr\/index.php\/inscriptions\/","title":{"rendered":"Inscriptions"},"content":{"rendered":"\t\t<div data-elementor-type=\"wp-page\" data-elementor-id=\"98\" class=\"elementor elementor-98\" data-elementor-post-type=\"page\">\n\t\t\t\t<div class=\"elementor-element elementor-element-b889df5 e-flex e-con-boxed e-con e-parent\" data-id=\"b889df5\" data-element_type=\"container\" data-e-type=\"container\">\n\t\t\t\t\t<div class=\"e-con-inner\">\n\t\t\t\t<div class=\"elementor-element elementor-element-d247866 elementor-widget elementor-widget-text-editor\" data-id=\"d247866\" data-element_type=\"widget\" data-e-type=\"widget\" data-widget_type=\"text-editor.default\">\n\t\t\t\t<div class=\"elementor-widget-container\">\n\t\t\t\t\t\t\t\t\t<p style=\"text-align: center;\"><strong>Pour votre premi\u00e8re\u00a0d\u00e9couverte du club, vous devez absolument vous inscrire au pr\u00e9alable en remplissant le formulaire ci-dessous!\u00a0<\/strong><\/p><div id=\"i30\" class=\"HoXoMd D1wxyf RjsPE\" style=\"text-align: left;\" role=\"heading\" aria-level=\"3\">\u00a0<\/div><div role=\"heading\" aria-level=\"3\"><span style=\"text-decoration: underline;\"><strong>La participation est enti\u00e8rement gratuite<\/strong><\/span>, mais il faut s&rsquo;inscrire avant de venir pour la premi\u00e8re fois (au moins 12 heures avant la premi\u00e8re participation, mais de pr\u00e9f\u00e9rence le plus t\u00f4t possible). La pr\u00e9sence \u00e0 toutes les s\u00e9ances n&rsquo;est pas obligatoire apr\u00e8s inscription, et il est tout \u00e0 fait possible de ne venir qu&rsquo;une fois, m\u00eame en cours d&rsquo;ann\u00e9e, pour essayer et se faire une id\u00e9e, mais les sujets abord\u00e9s, leur difficult\u00e9 et les enseignants peuvent varier fortement d&rsquo;une s\u00e9ance \u00e0 l&rsquo;autre, et il faut de toute fa\u00e7on un peu de pers\u00e9v\u00e9rance. Apr\u00e8s une premi\u00e8re inscription, il n&rsquo;est pas n\u00e9cessaire de se r\u00e9inscrire.<\/div><div role=\"heading\" aria-level=\"3\">\u00a0<\/div><div role=\"heading\" aria-level=\"3\"><span class=\"M7eMe\">Pour les \u00e9l\u00e8ves boursi\u00e8res et boursiers, o<\/span>n peut parfois proposer des aides pour participer aux s\u00e9ances pendant les vacances. Si vous voulez en savoir plus, pr\u00e9cisez-le ici, ou \u00e9crivez un courriel le plus t\u00f4t possible \u00e0\u00a0<a href=\"mailto:lass@math.univ-lyon1.fr\">lass@math.univ-lyon1.fr<\/a><\/div>\t\t\t\t\t\t\t\t<\/div>\n\t\t\t\t<\/div>\n\t\t\t\t\t<\/div>\n\t\t\t\t<\/div>\n\t\t<div class=\"elementor-element elementor-element-d4aa803 e-flex e-con-boxed e-con e-parent\" data-id=\"d4aa803\" data-element_type=\"container\" data-e-type=\"container\">\n\t\t\t\t\t<div class=\"e-con-inner\">\n\t\t\t\t<div class=\"elementor-element elementor-element-798bdf8 elementor-widget elementor-widget-text-editor\" data-id=\"798bdf8\" data-element_type=\"widget\" data-e-type=\"widget\" data-widget_type=\"text-editor.default\">\n\t\t\t\t<div class=\"elementor-widget-container\">\n\t\t\t\t\t\t\t\t\t<p>Des cours intensifs, 2 \u00e0 3 fois par an sont organis\u00e9s sur plusieurs jours. Plus d&rsquo;informations <a href=\"https:\/\/mathematiquesdiscretes.fr\/index.php\/cours-intensifs\/\">ici<\/a><\/p>\t\t\t\t\t\t\t\t<\/div>\n\t\t\t\t<\/div>\n\t\t\t\t\t<\/div>\n\t\t\t\t<\/div>\n\t\t<div class=\"elementor-element elementor-element-9a8d905 e-con-full e-flex e-con e-parent\" data-id=\"9a8d905\" data-element_type=\"container\" data-e-type=\"container\">\n\t\t\t\t<div class=\"elementor-element elementor-element-b7d898a elementor-widget elementor-widget-shortcode\" data-id=\"b7d898a\" data-element_type=\"widget\" data-e-type=\"widget\" data-widget_type=\"shortcode.default\">\n\t\t\t\t<div class=\"elementor-widget-container\">\n\t\t\t\t\t\t\t<div class=\"elementor-shortcode\"><iframe src=\"https:\/\/docs.google.com\/forms\/d\/1hJQBJh7DjhuKD9ItkXdqHuL-WH0FTmSXucSzFAKO3Uk\/viewform?edit_requested=true#start=embed\/viewform?embedded=true\" width=\"1240\" height=\"2000\" frameborder=\"0\" marginheight=\"0\" marginwidth=\"0\">Chargement\u2026<\/iframe><\/div>\n\t\t\t\t\t\t<\/div>\n\t\t\t\t<\/div>\n\t\t\t\t<\/div>\n\t\t\t\t<\/div>\n\t\t","protected":false},"excerpt":{"rendered":"<p>Pour votre premi\u00e8re\u00a0d\u00e9couverte du club, vous devez absolument vous inscrire au pr\u00e9alable en remplissant le formulaire ci-dessous!\u00a0 \u00a0La participation est enti\u00e8rement gratuite, mais il faut s&rsquo;inscrire avant de venir pour [&hellip;]<\/p>\n","protected":false},"author":1,"featured_media":0,"parent":0,"menu_order":0,"comment_status":"closed","ping_status":"closed","template":"","meta":{"footnotes":""},"class_list":["post-98","page","type-page","status-publish","hentry"],"yoast_head":"<!-- This site is optimized with the Yoast SEO plugin v27.4 - https:\/\/yoast.com\/product\/yoast-seo-wordpress\/ -->\n<title>Inscriptions - Math\u00e9matiques discr\u00e8tes<\/title>\n<meta name=\"robots\" content=\"index, follow, max-snippet:-1, max-image-preview:large, max-video-preview:-1\" \/>\n<link rel=\"canonical\" href=\"https:\/\/mathematiquesdiscretes.fr\/index.php\/inscriptions\/\" \/>\n<meta property=\"og:locale\" content=\"fr_FR\" \/>\n<meta property=\"og:type\" content=\"article\" \/>\n<meta property=\"og:title\" content=\"Inscriptions - Math\u00e9matiques discr\u00e8tes\" \/>\n<meta property=\"og:description\" content=\"Pour votre premi\u00e8re\u00a0d\u00e9couverte du club, vous devez absolument vous inscrire au pr\u00e9alable en remplissant le formulaire ci-dessous!\u00a0 \u00a0La participation est enti\u00e8rement gratuite, mais il faut s&rsquo;inscrire avant de venir pour [&hellip;]\" \/>\n<meta property=\"og:url\" content=\"https:\/\/mathematiquesdiscretes.fr\/index.php\/inscriptions\/\" \/>\n<meta property=\"og:site_name\" content=\"Math\u00e9matiques discr\u00e8tes\" \/>\n<meta property=\"article:modified_time\" content=\"2025-09-01T17:04:25+00:00\" \/>\n<meta name=\"twitter:card\" content=\"summary_large_image\" \/>\n<meta name=\"twitter:label1\" content=\"Dur\u00e9e de lecture estim\u00e9e\" \/>\n\t<meta name=\"twitter:data1\" content=\"1 minute\" \/>\n<script type=\"application\/ld+json\" class=\"yoast-schema-graph\">{\"@context\":\"https:\\\/\\\/schema.org\",\"@graph\":[{\"@type\":\"WebPage\",\"@id\":\"https:\\\/\\\/mathematiquesdiscretes.fr\\\/index.php\\\/inscriptions\\\/\",\"url\":\"https:\\\/\\\/mathematiquesdiscretes.fr\\\/index.php\\\/inscriptions\\\/\",\"name\":\"Inscriptions - Math\u00e9matiques discr\u00e8tes\",\"isPartOf\":{\"@id\":\"http:\\\/\\\/mathematiquesdiscretes.fr\\\/#website\"},\"datePublished\":\"2023-11-05T14:36:34+00:00\",\"dateModified\":\"2025-09-01T17:04:25+00:00\",\"breadcrumb\":{\"@id\":\"https:\\\/\\\/mathematiquesdiscretes.fr\\\/index.php\\\/inscriptions\\\/#breadcrumb\"},\"inLanguage\":\"fr-FR\",\"potentialAction\":[{\"@type\":\"ReadAction\",\"target\":[\"https:\\\/\\\/mathematiquesdiscretes.fr\\\/index.php\\\/inscriptions\\\/\"]}]},{\"@type\":\"BreadcrumbList\",\"@id\":\"https:\\\/\\\/mathematiquesdiscretes.fr\\\/index.php\\\/inscriptions\\\/#breadcrumb\",\"itemListElement\":[{\"@type\":\"ListItem\",\"position\":1,\"name\":\"Accueil\",\"item\":\"http:\\\/\\\/mathematiquesdiscretes.fr\\\/\"},{\"@type\":\"ListItem\",\"position\":2,\"name\":\"Inscriptions\"}]},{\"@type\":\"WebSite\",\"@id\":\"http:\\\/\\\/mathematiquesdiscretes.fr\\\/#website\",\"url\":\"http:\\\/\\\/mathematiquesdiscretes.fr\\\/\",\"name\":\"Math\u00e9matiques discr\u00e8tes\",\"description\":\"Un site utilisant WordPress\",\"publisher\":{\"@id\":\"http:\\\/\\\/mathematiquesdiscretes.fr\\\/#organization\"},\"potentialAction\":[{\"@type\":\"SearchAction\",\"target\":{\"@type\":\"EntryPoint\",\"urlTemplate\":\"http:\\\/\\\/mathematiquesdiscretes.fr\\\/?s={search_term_string}\"},\"query-input\":{\"@type\":\"PropertyValueSpecification\",\"valueRequired\":true,\"valueName\":\"search_term_string\"}}],\"inLanguage\":\"fr-FR\"},{\"@type\":\"Organization\",\"@id\":\"http:\\\/\\\/mathematiquesdiscretes.fr\\\/#organization\",\"name\":\"Math\u00e9matiques discr\u00e8tes\",\"url\":\"http:\\\/\\\/mathematiquesdiscretes.fr\\\/\",\"logo\":{\"@type\":\"ImageObject\",\"inLanguage\":\"fr-FR\",\"@id\":\"http:\\\/\\\/mathematiquesdiscretes.fr\\\/#\\\/schema\\\/logo\\\/image\\\/\",\"url\":\"https:\\\/\\\/mathematiquesdiscretes.fr\\\/wp-content\\\/uploads\\\/2023\\\/10\\\/Sans-titre.png\",\"contentUrl\":\"https:\\\/\\\/mathematiquesdiscretes.fr\\\/wp-content\\\/uploads\\\/2023\\\/10\\\/Sans-titre.png\",\"width\":385,\"height\":336,\"caption\":\"Math\u00e9matiques discr\u00e8tes\"},\"image\":{\"@id\":\"http:\\\/\\\/mathematiquesdiscretes.fr\\\/#\\\/schema\\\/logo\\\/image\\\/\"}}]}<\/script>\n<!-- \/ Yoast SEO plugin. -->","yoast_head_json":{"title":"Inscriptions - Math\u00e9matiques discr\u00e8tes","robots":{"index":"index","follow":"follow","max-snippet":"max-snippet:-1","max-image-preview":"max-image-preview:large","max-video-preview":"max-video-preview:-1"},"canonical":"https:\/\/mathematiquesdiscretes.fr\/index.php\/inscriptions\/","og_locale":"fr_FR","og_type":"article","og_title":"Inscriptions - Math\u00e9matiques discr\u00e8tes","og_description":"Pour votre premi\u00e8re\u00a0d\u00e9couverte du club, vous devez absolument vous inscrire au pr\u00e9alable en remplissant le formulaire ci-dessous!\u00a0 \u00a0La participation est enti\u00e8rement gratuite, mais il faut s&rsquo;inscrire avant de venir pour [&hellip;]","og_url":"https:\/\/mathematiquesdiscretes.fr\/index.php\/inscriptions\/","og_site_name":"Math\u00e9matiques discr\u00e8tes","article_modified_time":"2025-09-01T17:04:25+00:00","twitter_card":"summary_large_image","twitter_misc":{"Dur\u00e9e de lecture estim\u00e9e":"1 minute"},"schema":{"@context":"https:\/\/schema.org","@graph":[{"@type":"WebPage","@id":"https:\/\/mathematiquesdiscretes.fr\/index.php\/inscriptions\/","url":"https:\/\/mathematiquesdiscretes.fr\/index.php\/inscriptions\/","name":"Inscriptions - Math\u00e9matiques discr\u00e8tes","isPartOf":{"@id":"http:\/\/mathematiquesdiscretes.fr\/#website"},"datePublished":"2023-11-05T14:36:34+00:00","dateModified":"2025-09-01T17:04:25+00:00","breadcrumb":{"@id":"https:\/\/mathematiquesdiscretes.fr\/index.php\/inscriptions\/#breadcrumb"},"inLanguage":"fr-FR","potentialAction":[{"@type":"ReadAction","target":["https:\/\/mathematiquesdiscretes.fr\/index.php\/inscriptions\/"]}]},{"@type":"BreadcrumbList","@id":"https:\/\/mathematiquesdiscretes.fr\/index.php\/inscriptions\/#breadcrumb","itemListElement":[{"@type":"ListItem","position":1,"name":"Accueil","item":"http:\/\/mathematiquesdiscretes.fr\/"},{"@type":"ListItem","position":2,"name":"Inscriptions"}]},{"@type":"WebSite","@id":"http:\/\/mathematiquesdiscretes.fr\/#website","url":"http:\/\/mathematiquesdiscretes.fr\/","name":"Math\u00e9matiques discr\u00e8tes","description":"Un site utilisant WordPress","publisher":{"@id":"http:\/\/mathematiquesdiscretes.fr\/#organization"},"potentialAction":[{"@type":"SearchAction","target":{"@type":"EntryPoint","urlTemplate":"http:\/\/mathematiquesdiscretes.fr\/?s={search_term_string}"},"query-input":{"@type":"PropertyValueSpecification","valueRequired":true,"valueName":"search_term_string"}}],"inLanguage":"fr-FR"},{"@type":"Organization","@id":"http:\/\/mathematiquesdiscretes.fr\/#organization","name":"Math\u00e9matiques discr\u00e8tes","url":"http:\/\/mathematiquesdiscretes.fr\/","logo":{"@type":"ImageObject","inLanguage":"fr-FR","@id":"http:\/\/mathematiquesdiscretes.fr\/#\/schema\/logo\/image\/","url":"https:\/\/mathematiquesdiscretes.fr\/wp-content\/uploads\/2023\/10\/Sans-titre.png","contentUrl":"https:\/\/mathematiquesdiscretes.fr\/wp-content\/uploads\/2023\/10\/Sans-titre.png","width":385,"height":336,"caption":"Math\u00e9matiques discr\u00e8tes"},"image":{"@id":"http:\/\/mathematiquesdiscretes.fr\/#\/schema\/logo\/image\/"}}]}},"_links":{"self":[{"href":"https:\/\/mathematiquesdiscretes.fr\/index.php\/wp-json\/wp\/v2\/pages\/98","targetHints":{"allow":["GET"]}}],"collection":[{"href":"https:\/\/mathematiquesdiscretes.fr\/index.php\/wp-json\/wp\/v2\/pages"}],"about":[{"href":"https:\/\/mathematiquesdiscretes.fr\/index.php\/wp-json\/wp\/v2\/types\/page"}],"author":[{"embeddable":true,"href":"https:\/\/mathematiquesdiscretes.fr\/index.php\/wp-json\/wp\/v2\/users\/1"}],"replies":[{"embeddable":true,"href":"https:\/\/mathematiquesdiscretes.fr\/index.php\/wp-json\/wp\/v2\/comments?post=98"}],"version-history":[{"count":91,"href":"https:\/\/mathematiquesdiscretes.fr\/index.php\/wp-json\/wp\/v2\/pages\/98\/revisions"}],"predecessor-version":[{"id":537,"href":"https:\/\/mathematiquesdiscretes.fr\/index.php\/wp-json\/wp\/v2\/pages\/98\/revisions\/537"}],"wp:attachment":[{"href":"https:\/\/mathematiquesdiscretes.fr\/index.php\/wp-json\/wp\/v2\/media?parent=98"}],"curies":[{"name":"wp","href":"https:\/\/api.w.org\/{rel}","templated":true}]}}